digit of o?
9
Let m be 1 - (3/1 + -5). Suppose 2*d = -m + 19. What is the units digit of d?
8
Suppose -2*l = -3*s + 200, 2*s - 142 = -0*s - 3*l. What is the units digit of s?
8
Suppose 2 = 5*q - 3. What is the units digit of 1 - (-2 - 1/q)?
4
Suppose -2*a + 11 = -11. Let r = -2 + a. What is the units digit of r?
9
Let q be (-1)/(-3) - 560/(-12). Suppose 0 = -7*l + 2*l + 2*z + q, 4*l + 2*z = 52. What is the tens digit of l?
1
Let u = 0 + 5. Suppose -v + 9 = 5*w, u*v + 0*w = 2*w + 18. Suppose -t + 3*t - 26 = 3*c, v*c - 22 = -3*t. What is the tens digit of t?
1
Let d = 0 + 1. Let o(m) = 3*m. Let s be o(d). Suppose 5*v - 2*a - s*a - 50 = 0, -3*a = -v + 18. What is the units digit of v?
6
Let t be 2*(14/4 + -2). Suppose -4*v = -c - 52, -t*v = 5*c - 9 - 30. What is the units digit of v?
3
Let s(o) = -10*o - 2. What is the tens digit of s(-2)?
1
Suppose 0*y = y - 3. Let b(s) = 4*s + 2. What is the units digit of b(y)?
4
Suppose -386 = -3*z - 4*s, 2*s + 137 = z + 5*s. What is the hundreds digit of z?
1
Let h(z) = 14*z**2 + z + 11. What is the hundreds digit of h(-4)?
2
Let i = 69 - 43. Suppose 0 = -0*j + j - i. Suppose 4*n = 6 + j. What is the units digit of n?
8
Suppose 5*c - f - 37 = 2*f, -5*f - 19 = -3*c. What is the units digit of c?
8
Suppose -4*d + 153 = 53. Let p = 12 + 3. Suppose d = 4*i + i, -5*g + p = -5*i. What is the units digit of g?
8
Let i be (-5)/(-3) + 1/3. Suppose -4*l + 9*l = -4*r + 8, 5*r = -i*l + 10. Suppose -k = r*k - 42. What is the tens digit of k?
1
Let g(t) = -t + 15. Let k be g(0). Suppose 0 = -q - 3*p + 5, -3*q + 2*p - p + k = 0. Suppose 0*o + 29 = 5*o - 4*f, -o = q*f. What is the units digit of o?
5
Suppose 6*v = 3*v. Let d = 3 - v. Suppose -5*t = -5*l - d*t + 14, 5*l = -4*t + 32. What is the units digit of l?
4
Suppose -3*f + 58 = -4*h + 6*h, 73 = 3*f + 5*h. What is the units digit of (12/(-16))/((-6)/f)?
2
Let p(t) = -t + 1. Let k be p(1). Suppose a + k = 6. What is the units digit of a?
6
Let b = -35 - -135. What is the hundreds digit of b?
1
Suppose 80 = 3*j + 26. What is the units digit of j?
8
Suppose 208 = 3*f - 3*k + 43, -f + 55 = -2*k. What is the units digit of f?
5
What is the units digit of 40 - (-3 + (3 - -2))?
8
Let f = 3 - 1. Suppose 2 + 2 = f*y. Suppose 0*x = 2*x - y. What is the units digit of x?
1
Suppose 0 = -2*j - k - 1, -2*k - 15 = k. Suppose 5*i - 12 + j = 0. Suppose 0 = -i*r - r + 30. What is the tens digit of r?
1
Suppose -2*j - 4*h - 4 = -24, -h - 40 = -2*j. Let z = -11 + j. What is the units digit of z?
7
Suppose 3*f - 2*f - 5 = 0. What is the tens digit of 24/f*10/3?
1
Let b(r) = -r**2 + 8*r - 3. Let m be b(7). Suppose -3*k = k + m, k = 5*t - 41. What is the units digit of t?
8
Let i be (-33)/55 + (-174)/10. What is the units digit of 6/i + 61/3?
0
Suppose 95 + 1 = 4*y. What is the units digit of y?
4
Let t be -4*(1 - 9/4). Suppose 2*d + 17 - 43 = -2*q, -2*d + 41 = t*q. What is the units digit of d?
8
Suppose 1 - 13 = -4*d. Suppose -d*k + l = -10, -k + 2 = -5*l - 6. What is the units digit of (4/k)/((-4)/(-18))?
6
Let u(l) = 2*l - 3. Let o be u(4). Suppose 0 = -3*x - 2*x + h + 9, o*h + 16 = -4*x. What is the units digit of (-7)/(x/(-1)) + -1?
6
Let h(v) = -v**2 - 10*v. Let f be h(-8). Suppose -12*j = -f*j + 68. What is the units digit of j?
7
Let q(c) = -2*c + 68. What is the units digit of q(0)?
8
Let q(s) = s**2 + 7*s + 4. What is the tens digit of q(7)?
0
What is the units digit of (4/3)/(2/12)?
8
Let a(h) = 12*h - 24. What is the units digit of a(7)?
0
Let q(c) = 2*c**3 - 4*c**2 + 4*c + 1. Let r(s) = s**3 + 9*s**2 + s + 12. Let h be r(-9). What is the units digit of q(h)?
1
Let p(u) = -2*u - 6. Let s be -1*2*10/4. What is the units digit of p(s)?
4
Let i(k) be the first derivative of 6*k**2 + k - 5. What is the units digit of i(1)?
3
Let m = -15 + 25. Let s = 35 - m. What is the tens digit of s?
2
Let g be (2 + (-5)/2)*-106. Suppose 2*w = j + 31, g = 4*w - 3*j - 2*j. What is the tens digit of w?
1
Suppose 5*c + 3*u = u + 644, c - u = 133. What is the hundreds digit of c?
1
Suppose 32 = -5*z - 83. Let d = z + 34. What is the units digit of d?
1
Let f be 12/10*40/16. Let s be 0*(0 - (f - 4)). Suppose 0 = -s*q - q + 3. What is the units digit of q?
3
Let k = -359 - -678. What is the hundreds digit of k?
3
Let h = -28 + 47. Suppose -1 = -k + h. What is the units digit of k?
0
Let f = 16 + -11. What is the units digit of f?
5
Suppose -4*c + 2*o = 10, o = 2*c - o + 8. What is the units digit of 40/(0/4 - c)?
0
Suppose 5*j + 33 = -217. Let y = -27 - j. What is the units digit of y?
3
Let n = 0 + -2. Let l(t) = t + 2. Let p(u) = -3*u - 7. Let s(k) = n*p(k) - 9*l(k). What is the units digit of s(-3)?
5
Suppose x = 3*x. Let g(n) = n + 5. Let p be g(x). Suppose 0 = -4*r - 4*o + 20, 0*o + 2*o + 60 = p*r. What is the units digit of r?
0
Suppose -8*c + 5 = -7*c. Suppose 17 = c*g - 28. What is the units digit of g?
9
Suppose -4*j = -135 - 133. Suppose -j = -2*f + 29. What is the tens digit of f?
4
Let h(m) = 28*m**2 + 8*m - 11. Let s(x) = -9*x**2 - 3*x + 4. Let b(d) = 4*h(d) + 11*s(d). Let u be b(1). Suppose 4*v - u = 8. What is the units digit of v?
5
Let r = -37 - -16. Let i = r - -46. What is the units digit of i?
5
Let q(j) = -12 + 7 - 4*j + 5*j**2 - 4*j**2. Let w be q(6). Suppose 0 = 5*m - 2*f - w, 19 = 5*f - 1. What is the units digit of m?
3
Let q be 10/15 + 14/6. Let j be -9*(-3 + (-4)/12). What is the units digit of (q/(-5))/((-2)/j)?
9
Let y = 2 + 4. Suppose -4 - y = -5*w. What is the units digit of 3/w*4/6?
1
Let m = -12 - -7. Let p(x) = -x**2 - x + 9. Let a be p(0). Let l = m + a. What is the units digit of l?
4
Let n(h) be the first derivative of -h**2 - 2*h - 2. Let j be n(-4). Let x = j + -3. What is the units digit of x?
3
Suppose -4*b - 19 = 1. Let u = 7 + b. Suppose 2*p - 4 = -u*p. What is the units digit of p?
1
Suppose 12 = 3*j - 6. Suppose 2*u = -b + 35, -b + 3*u + 40 = j*u. What is the tens digit of b?
2
Let u(y) be the second derivative of -y**5/20 - y**4/3 + y**3/2 - 3*y**2 + 4*y. What is the units digit of u(-5)?
4
Let w(y) = -65*y - 63. What is the hundreds digit of w(-6)?
3
Let y be (9/27)/((-1)/(-75)). Suppose -2*z = 3*z - y. What is the units digit of z?
5
Suppose -124 - 2072 = -9*z. What is the units digit of z?
4
Let m = -19 - -4. Let c = m - -24. Suppose -s + 8 = j, j + 2*s = -0*s + c. What is the units digit of j?
7
Let q = -1 - -1. Let n be (3 - q)*12/1. Suppose 3*b + z - n = 6*z, 2*b + 3*z - 5 = 0. What is the units digit of b?
7
Let i(b) = -b**3 + 3*b**2 + 10. What is the units digit of i(3)?
0
Let d(q) = -11*q + 5 + 9*q**2 - 3*q**3 + 2*q**3 - 1 + 2*q**3. Let s(m) = m**2 + 8*m + 2. Let v be s(-6). What is the tens digit of d(v)?
1
Suppose -4*r - 5*u + 8 = 0, 2*r - 4*r = 3*u - 4. Suppose 2*a - 6*a + 30 = -r*t, 21 = -t + 4*a. What is the units digit of (t/(-6))/((-3)/(-4))?
2
Suppose -2*f = h - 3, 0*h + f - 3 = h. Let l be 18/1 + 1 + h. Suppose 0 = -0*m + 2*m - l. What is the units digit of m?
9
What is the tens digit of 32 - 10/(-5) - -1?
3
Let o(w) = -w**3 - 40. Let c be o(0). Let a = -19 - c. What is the units digit of a?
1
Let w = 7 + 40. What is the tens digit of w?
4
What is the units digit of ((-85)/(-20))/((-1)/(-4))?
7
Let c(t) = 2*t**2 + 3*t - 4. Let g be c(-6). Let u = -20 + g. What is the tens digit of u?
3
What is the units digit of (-1199)/(-11) - (-1 - -6)?
4
Suppose -p + 4*u - 19 = 0, 17 - 2 = -p + 2*u. Let j = p + 16. What is the units digit of j?
5
Let w(l) = 5*l**2 + 2*l + 1. Let b be w(-1). What is the tens digit of 4/(-8) - (-78)/b?
1
Let d = -5 - -11. Suppose 7*p = 6*p + d. What is the units digit of p/((-15)/12 - -2)?
8
Suppose 5*h + q - 70 = -4*q, -4*h - 2*q + 46 = 0. What is the units digit of h?
9
Suppose 3*b + 5*g - 14 = 0, 2*b - g + 9 - 1 = 0. Let v = 1 - b. What is the units digit of v?
3
Let a be ((-41)/3)/((-2)/18). Let p = -72 + a. What is the units digit of p?
1
Suppose 5*q = w - 7, 2*w - 37 = -4*q - 9. Let d = w + -7. What is the units digit of d?
5
Suppose -t + 1 = -j, 5 = 5*j + 2*t + 3. Let k = j - -5. Suppose -2*a + k*a = 27. What is the units digit of a?
9
Let v(x) = x**3 - 6*x**2 + 4*x - 3. Let l(o) = o + 5. Let h be l(0). Let k be v(h). What is the units digit of 4/k - (-22)/4?
5
What is the units digit of (-12)/(-20) + 2/5?
1
Le